ns digit of c?
0
Suppose 3*f + 2*f + 45 = 0. Let s be -3*f/((-36)/(-40)). Let i = 73 - s. What is the tens digit of i?
4
Suppose -4*r + 5*x = -37, -5*x = 3*r - 2*r + 22. Let q be r/15 - (-142)/(-10). Let z = 42 + q. What is the units digit of z?
8
Suppose -2*q = -m - 53 - 182, 0 = -3*q + 5*m + 335. What is the tens digit of ((-13)/3)/((-8)/q)?
6
Suppose 5*o - 2*d = -1 + 17, 3*d - 6 = 0. Suppose 355 = 5*w + 5*p, 0 = -2*w - o*p + 188 - 36. What is the units digit of w?
6
Suppose -44*f = -68*f + 20208. What is the hundreds digit of f?
8
Let h be (0 + (-3)/5)*-5. Suppose 2 = -n + 3, 5*c - 4*n + 4 = 0. Let w = h - c. What is the units digit of w?
3
Suppose 1562 = 2*q + 2*b - 4194, 2*b = q - 2866. What is the tens digit of q?
7
Let u = 54 - -13. Let w = 70 + u. What is the tens digit of w?
3
Let k be (0 - -3) + 1 + -98 + -3. Let i = k - -307. What is the tens digit of i?
1
Suppose 0 = 8*t - 10*t. Suppose -3*c - 7 + 1 = t. What is the units digit of c + 0 + 21*1?
9
Let q(g) = g**3 - 6*g**2 + 2*g - 4. Let c be q(4). Let o = c - -37. What is the units digit of o?
9
Let h be 3/(2 + 70/(-38)). Let n = -21 + h. What is the units digit of (-94)/(-4) + n/4?
3
Let b = 17 + -15. Suppose -g - 4*m - 14 = 0, 3 - 1 = b*m. Let v = g + 26. What is the units digit of v?
8
Let z(v) = 4*v**2 - 15*v - 17. Let h(d) = 3*d**2 - 15*d - 16. Let q(j) = -6*h(j) + 5*z(j). What is the tens digit of q(-10)?
6
Suppose -y = j - 25, -2*j = -5*y + 2*j + 143. Let b = y - 25. Suppose -b*m = 4*d - 0*d - 170, -4*m = -2*d + 110. What is the tens digit of d?
4
Let x(z) = -2*z + 24. Let w be x(9). Suppose -4*q = 4*o - 308, -w*o + 12 = -3*o. What is the tens digit of q?
7
What is the thousands digit of -5 + ((0 + 6)/6 - -1924)?
1
Let a = 36 + 27. Suppose -y + a = 2*j - 0*j, -3*y + 4*j + 219 = 0. What is the tens digit of y?
6
Let u(o) be the first derivative of 2*o**2 - 14*o - 14. What is the units digit of u(18)?
8
Let n = -58 - -66. What is the units digit of n?
8
Suppose 5*j - 580 = -0*j + 5*d, 5*j - 4*d = 581. What is the tens digit of j?
1
Suppose 2*p - 2*d = 3*d + 22, p = -d - 3. Let i be p/(-1) + 4 + 0. Suppose i*g - 119 = -5*o + 41, 3*o - 96 = -4*g. What is the tens digit of o?
3
Suppose 2*c = 5*c - 15. Suppose 0 = -3*x + 6, 4*g + c*x - 160 = 2*g. What is the units digit of g?
5
Suppose 5*g - 48 = 3*g. Let d(u) = -u**2 + 31*u + 13. What is the tens digit of d(g)?
8
Let w(i) = 55*i**3 - i**2 + 2*i. Suppose -4*f = f + x - 10, 5 = x. What is the units digit of w(f)?
6
What is the tens digit of ((-1)/(-4) - (-7404)/16) + 7?
7
Let f be 3/4*(3 - -1). Suppose -53*a + 48*a = -5*y + 15, 0 = -2*y - 3*a + 1. Suppose 2 = -3*u + y*u, -f*r + 141 = -3*u. What is the tens digit of r?
4
Suppose 0 = 4*f - 1295 - 773. What is the hundreds digit of f?
5
Let n = -220 - -434. What is the hundreds digit of n?
2
Let h(u) = u + 21. Let c be h(-9). What is the tens digit of (-96)/(-3 + c/8)?
6
Let i = -165 - -252. Let x = i + 70. What is the units digit of x?
7
Let k(i) = -i + 11. Let q(t) = -1. Let d(m) = 2*k(m) + 14*q(m). Let x = -22 + 16. What is the tens digit of d(x)?
2
Let m = -3145 - -6443. What is the hundreds digit of m?
2
Let o = 190 + -106. Let p = 193 - o. What is the units digit of p?
9
Let z(m) = m**3 + 17*m**2 + 9*m + 23. Let o be z(-16). Let x = o - 33. What is the hundreds digit of x?
1
Let q(c) = 6*c + 22. Let j be q(-4). What is the tens digit of -2 - 1 - (-117)/(-6)*j?
3
Let p be ((-3)/(6/8))/(-1). Let r(n) = -3*n**2 + 17*n + 11. Let m be r(6). Suppose p*h + 4 = m*h. What is the units digit of h?
4
Let q(d) = 15*d**3 - d**2 - 4*d + 3. Let c be q(3). Let r = c - 269. What is the units digit of r?
8
Suppose h - 2 = -21. Let y be (-86 - 0)/(-9 + 11). Let r = h - y. What is the tens digit of r?
2
Suppose -3*i = -4*t + 8928, -i - 2794 = -4*t + 6142. What is the thousands digit of t?
2
Let c(l) = -l**3 - 7*l**2 + 3*l + 15. Let r be c(-7). Let v be 3*6/4*2. What is the units digit of 7/v - r/27?
1
Let a be (-9)/(-36) - (-22)/8. Suppose -d = -a*d. Suppose 0 = -5*z - 5*f + 129 + 61, -f + 4 = d. What is the tens digit of z?
3
Let s be ((-15)/7)/((-19)/133). What is the units digit of 792/40 - 12/s?
9
Let q be 2/5 + 615/25 + -1. What is the units digit of q/16*(1167/9 - 1)?
3
Let m(g) = -30*g - 9. What is the tens digit of m(-21)?
2
Suppose 4*g + 4*s = 552, 0 = 2*g + 3*s + 2*s - 291. What is the tens digit of g?
3
Suppose -5*y + 32 = 7. Suppose -y*a = -897 + 92. What is the hundreds digit of a?
1
Let g = 43 - 153. Let o = -36 - g. What is the units digit of o?
4
Let y be -3*2/(-3) + 2. Suppose y*l = -w + 87, 7*w - 2*w - l = 351. Let q = w + -21. What is the tens digit of q?
5
What is the units digit of 13/(-13) + 13 + 2876?
8
Suppose 2*l = 4*l - 380. Let m be l/(-8) - 7/28. What is the units digit of 32/m + (-26)/(-6)?
3
What is the tens digit of 6 - (-858)/(1 + 2)?
9
Let j(r) = r**3 + 9*r**2 - 14*r - 6. Let o be j(-9). Suppose -5*p + 0*p = -o. Suppose 0 = -5*k - v + p + 10, -2*k + 28 = 4*v. What is the units digit of k?
6
Let m = -32 - -34. Suppose 3*k - q = 704, 476 = -0*k + m*k - 4*q. What is the units digit of k?
4
Suppose 2*f = 4*w - 2908, 2*w + 5*f = 4*w - 1446. Suppose -2*v = 5*j - 904, 4*j + v = -3*v + w. What is the units digit of j?
0
Let o = -650 - -781. What is the units digit of o?
1
Let m be 3/(-3 - (0 + -4)). Suppose v = -5, 2*o = -2*v + m*v + 29. What is the tens digit of o?
1
Suppose 0 = -6*l + l + 20. Let n = 13 - 9. Suppose 2*r - 74 = -5*f + f, n*f + l*r = 80. What is the units digit of f?
7
Let q(l) = -2*l + 15. Let i be q(14). Let t(d) = d**2 + 8*d + 7. What is the units digit of t(i)?
2
Let m(l) = 3*l**2 - 11. What is the tens digit of m(-4)?
3
Suppose -6*l + 5026 = -14. Suppose l = 13*w + w. What is the units digit of w?
0
Let i(u) be the second derivative of -u**8/6720 + u**6/180 + u**5/40 - u**4/12 - u. Let x(w) be the third derivative of i(w). What is the tens digit of x(-3)?
1
Let u = 364 - -99. What is the units digit of u?
3
What is the hundreds digit of -67*(((-21)/3 - -4) + -4)?
4
Let m(r) = r**3 + 6*r**2 + 3*r + 6. Let c be m(-6). Let l = -20 - c. What is the units digit of 9/(-6)*l/6?
2
What is the thousands digit of ((-15540)/180)/((-2)/84)?
3
What is the thousands digit of -942*(-1 + (-4)/(-6))*14?
4
Let r(c) be the second derivative of c**3/2 + 9*c**2/2 - 17*c. What is the units digit of r(5)?
4
Suppose r + 5*g = 3914, -4*g = -5*g - 4. What is the tens digit of r?
3
Let r = 314 - -1009. What is the units digit of r?
3
Let q(n) = -11*n - 1. Let w(h) = 2*h**3 + h**2 + 3*h + 3. Let s be w(-2). Let m(r) = -r - 16. Let j be m(s). What is the tens digit of q(j)?
1
Let i(u) = -24*u - 1. Let t be i(1). Let h(s) = 14*s - 63. Let o be h(4). Let b = o - t. What is the tens digit of b?
1
Let o be (-2)/11 + (-18)/22 + 5. What is the tens digit of o + -3 - -112 - 0/3?
1
Let n(c) = c**3 - 3*c**2 + 2*c - 2. Suppose 6 + 9 = 5*h. Let x be n(h). Suppose -8*r + x*r = -196. What is the units digit of r?
9
Let w(r) be the first derivative of r**4/4 - 10*r**3/3 - 7*r**2 + 13*r - 3. Let v be w(11). Let m = 5 - v. What is the tens digit of m?
2
Let o(u) = u - 4. Let t be (-1 - -1) + (-6 - -9). Let r be o(t). What is the units digit of 49 - (-9)/(r - 2)?
6
What is the tens digit of 2*(-2 - 2)*592/(-128)?
3
Let d(g) = -7*g**3 + g**2 + 6. Let l be d(3). Let p = l - -244. What is the units digit of p?
0
Let b be 306/81 + 4/18. Suppose -r + 225 = b*r. What is the units digit of r?
5
Suppose b + b = 4. Suppose -5*i = 0, 3*v - i = -b*i. Suppose -2*g + 25 - 1 = v. What is the units digit of g?
2
Suppose -30*j = 5*j - 43820. What is the thousands digit of j?
1
Let u(q) = 141*q**3 + 8*q + 6. What is the units digit of u(3)?
7
What is the units digit of 460 + -5 + 1 + 10?
6
Let z(w) = 16*w**3 + w**2 + w. Let a be z(-1). Let c be 1 - (-3)/(-1) - 0. What is the units digit of (-4)/(a/52) - c?
5
Suppose -4*s + s + 6 = 0. What is the units digit of (-424)/(-4)*1 - (-4 + s)?
8
Suppose 47 + 77 = 2*r. Let h = r - 23. What is the tens digit of h?
3
Let w(k) = -6*k + 38. What is the units digit of w(-28)?
6
Let x = -88 + 62. Let n = x + 30. Suppose -6 = n*b - 150. What is the tens digit of b?
3
What is the thousands digit of (-2646)/(-90)*225/5?
1
Let t = -14 + 7. Let p be (-100)/(-6) - t/21. Suppose -5